is divided by 7810?
1728
Calculate the remainder when 10861837 is divided by 402290.
7
What is the remainder when 7651494 is divided by 7651492?
2
Calculate the remainder when 236366 is divided by 33766.
4
Calculate the remainder when 268152546 is divided by 38.
36
Calculate the remainder when 16937955 is divided by 17266.
9
What is the remainder when 5388045 is divided by 2448?
2445
Calculate the remainder when 5277595 is divided by 61.
58
What is the remainder when 2071851 is divided by 359?
62
What is the remainder when 74899 is divided by 1594?
1575
Calculate the remainder when 53317033 is divided by 6955.
3
Calculate the remainder when 281762 is divided by 3173.
2538
Calculate the remainder when 220126 is divided by 18333.
130
What is the remainder when 465985 is divided by 71?
12
Calculate the remainder when 76421 is divided by 38196.
29
Calculate the remainder when 127202 is divided by 31203.
2390
Calculate the remainder when 4032850 is divided by 937.
2
Calculate the remainder when 11161267 is divided by 4.
3
What is the remainder when 142708480 is divided by 518?
516
What is the remainder when 22161991 is divided by 7387330?
1
What is the remainder when 130853514 is divided by 720?
714
What is the remainder when 49297242 is divided by 736?
698
Calculate the remainder when 512817 is divided by 3827.
3826
Calculate the remainder when 6742809 is divided by 129.
108
What is the remainder when 8949 is divided by 6738?
2211
Calculate the remainder when 829916 is divided by 103676.
508
Calculate the remainder when 5380673 is divided by 164.
161
What is the remainder when 29830098 is divided by 4971677?
36
Calculate the remainder when 3575334 is divided by 348.
330
What is the remainder when 247135 is divided by 456?
439
What is the remainder when 1538047 is divided by 136?
23
Calculate the remainder when 15970018 is divided by 12.
10
Calculate the remainder when 5797941 is divided by 292.
281
What is the remainder when 1416277 is divided by 236040?
37
What is the remainder when 246421 is divided by 3503?
1211
What is the remainder when 36342331 is divided by 2290?
31
Calculate the remainder when 1621288 is divided by 55.
53
What is the remainder when 6816650 is divided by 64?
10
What is the remainder when 376151 is divided by 166?
161
Calculate the remainder when 7584781 is divided by 16.
13
Calculate the remainder when 728 is divided by 43.
40
What is the remainder when 5330552 is divided by 872?
16
Calculate the remainder when 9757250 is divided by 39029.
0
Calculate the remainder when 30519165 is divided by 50.
15
What is the remainder when 281800 is divided by 2998?
2986
What is the remainder when 4238162 is divided by 593?
584
Calculate the remainder when 3053044 is divided by 2967.
1
Calculate the remainder when 12755763 is divided by 14954.
1
What is the remainder when 35838846 is divided by 38?
20
What is the remainder when 13735 is divided by 13716?
19
Calculate the remainder when 56361 is divided by 27199.
1963
What is the remainder when 34217215 is divided by 116?
115
What is the remainder when 2164127 is divided by 3668?
7
What is the remainder when 370178 is divided by 160?
98
Calculate the remainder when 2063034 is divided by 2453.
61
Calculate the remainder when 83079844 is divided by 569040.
4
Calculate the remainder when 803656 is divided by 16401.
7
What is the remainder when 12847743 is divided by 1456?
1455
Calculate the remainder when 724182 is divided by 46.
4
What is the remainder when 71684 is divided by 71681?
3
Calculate the remainder when 64105 is divided by 31890.
325
What is the remainder when 5951 is divided by 720?
191
Calculate the remainder when 112997 is divided by 56481.
35
What is the remainder when 4269713 is divided by 18645?
8
Calculate the remainder when 55521 is divided by 26981.
1559
What is the remainder when 904301 is divided by 226072?
13
Calculate the remainder when 143668 is divided by 506.
470
Calculate the remainder when 50806 is divided by 3627.
28
What is the remainder when 998537 is divided by 6535?
5217
Calculate the remainder when 393019 is divided by 256.
59
Calculate the remainder when 600052 is divided by 149400.
2452
Calculate the remainder when 127042529 is divided by 60.
29
Calculate the remainder when 107146 is divided by 43.
33
What is the remainder when 2340659 is divided by 45865?
1544
Calculate the remainder when 838371 is divided by 475.
471
Calculate the remainder when 75159 is divided by 24735.
954
Calculate the remainder when 38818028 is divided by 38817978.
50
Calculate the remainder when 3740381 is divided by 1288.
29
Calculate the remainder when 15070083 is divided by 44.
39
Calculate the remainder when 29233 is divided by 3459.
1561
Calculate the remainder when 22019 is divided by 15071.
6948
Calculate the remainder when 726404 is divided by 241561.
1721
Calculate the remainder when 432794 is divided by 106.
102
Calculate the remainder when 3874347 is divided by 1291443.
18
What is the remainder when 1230908923 is divided by 83?
82
What is the remainder when 527638 is divided by 2976?
886
What is the remainder when 26403 is divided by 876?
123
Calculate the remainder when 52390 is divided by 1067.
107
What is the remainder when 388871 is divided by 3448?
2695
What is the remainder when 3360481 is divided by 171?
160
Calculate the remainder when 34806 is divided by 33687.
1119
Calculate the remainder when 8914 is divided by 8864.
50
Calculate the remainder when 794780 is divided by 2338.
2198
Calculate the remainder when 67200 is divided by 7444.
204
What is the remainder when 452668 is divided by 65?
8
Calculate the remainder when 130418 is divided by 268.
170
What is the remainder when 1496145 is divided by 149614?
5
What is the remainder when 340154 is divided by 3643?
1355
Calculate the remainder when 503540 is divided by 380.
40
Calculate the remainder when 4035121 is divided by 95.
91
What is the remainder when 96385 is divided by 5274?
1453
What is the remainder when 257139 is divided by 128542?
55
What is the remainder when 556100 is divided by 185295?
215
What is the remainder when 13361104 is divided by 66?
64
What is the remainder when 2996035 is divided by 272352?
163
Calculate the remainder when 855884 is divided by 427940.
4
Calculate the remainder when 1799253 is divided by 20.
13
What is the remainder when 185214 is divided by 61507?
693
Calculate the remainder when 28112176 is divided by 20.
16
What is the remainder when 366541830 is divided by 181?
178
What is the remainder when 5706885 is divided by 640?
5
Calculate the remainder when 9004042 is divided by 750336.
10
Calculate the remainder when 5942961 is divided by 4153.
18
Calculate the remainder when 459775 is divided by 51062.
217
Calculate the remainder when 1165338 is divided by 991.
913
Calculate the remainder when 1432309 is divided by 383.
272
Calculate the remainder when 1155586 is divided by 335.
171
Calculate the remainder when 559539 is divided by 279005.
1529
Calculate the remainder when 191374 is divided by 62862.
2788
What is the remainder when 67944 is divided by 102?
12
What is the remainder when 324354 is divided by 407?
382
Calculate the remainder when 12136507 is divided by 22228.
19
Calculate the remainder when 313052 is divided by 13610.
22
What is the remainder when 10123379 is divided by 5061676?
27
Calculate the remainder when 1151837 is divided by 1155.
302
What is the remainder when 71112529 is divided by 21?
19
Calculate the remainder when 22112758 is divided by 659.
13
What is the remainder when 1798847 is divided by 916?
739
Calculate the remainder when 153326 is divided by 6664.
54
What is the remainder when 4143713 is divided by 58?
19
What is the remainder when 622352 is divided by 101?
91
Calculate the remainder when 21425 is divided by 2332.
437
What is the remainder when 1909852 is divided by 15?
7
Calculate the remainder when 86960 is divided by 146.
90
What is the remainder when 582633 is divided by 291313?
7
What is the remainder when 99467156 is divided by 6631143?
11
What is the remainder when 1402894 is divided by 776?
662
Calculate the remainder when 3640433 is divided by 23792.
257
What is the remainder when 120334 is divided by 2321?
1963
What is the 